 of 21 and 165207?
21
Calculate the greatest common factor of 136 and 1180752.
136
What is the greatest common factor of 382 and 3134?
2
Calculate the highest common divisor of 2 and 2178.
2
What is the greatest common divisor of 5730 and 1073038?
382
Calculate the greatest common divisor of 2 and 1923.
1
Calculate the greatest common divisor of 44808 and 72.
24
Calculate the highest common factor of 2 and 2133754.
2
Calculate the highest common factor of 7656 and 4.
4
What is the highest common divisor of 135 and 14165?
5
What is the greatest common factor of 5041 and 5467?
71
Calculate the highest common divisor of 29560 and 72.
8
Calculate the greatest common factor of 1428 and 21063.
357
What is the highest common factor of 158 and 2027140?
158
Calculate the highest common factor of 11 and 41833.
11
Calculate the highest common divisor of 6224 and 93749.
389
What is the greatest common divisor of 145844 and 152?
76
What is the highest common factor of 876 and 42396?
12
Calculate the greatest common factor of 18392 and 6536.
152
What is the greatest common factor of 114 and 25992?
114
What is the greatest common divisor of 6437 and 13973?
157
Calculate the greatest common divisor of 602 and 241703.
301
What is the greatest common divisor of 29190 and 790?
10
Calculate the greatest common divisor of 329908 and 1072.
268
Calculate the greatest common factor of 84 and 7028.
28
Calculate the highest common divisor of 2607 and 858.
33
Calculate the greatest common factor of 2004 and 1039074.
1002
Calculate the greatest common divisor of 826 and 2269376.
118
What is the highest common factor of 500 and 33600?
100
What is the highest common divisor of 9430 and 6210?
230
Calculate the highest common divisor of 507 and 45123.
507
What is the greatest common divisor of 101659 and 14681?
277
What is the highest common factor of 192 and 1866?
6
What is the greatest common divisor of 8041 and 1496?
187
Calculate the greatest common factor of 22347 and 468.
117
What is the highest common divisor of 22587 and 3?
3
Calculate the highest common divisor of 520756 and 2424.
404
Calculate the greatest common factor of 306812 and 66.
22
Calculate the greatest common factor of 3779493 and 699.
699
What is the highest common factor of 26159 and 43127?
707
Calculate the highest common divisor of 4830 and 188790.
210
What is the highest common divisor of 39153 and 217?
31
What is the highest common factor of 42200 and 4009?
211
Calculate the highest common divisor of 19175 and 275.
25
Calculate the greatest common divisor of 438 and 6722.
2
Calculate the greatest common divisor of 80928 and 9.
9
Calculate the greatest common divisor of 154 and 322.
14
What is the highest common factor of 1725 and 713575?
575
Calculate the highest common divisor of 2150823 and 181.
181
Calculate the highest common divisor of 204 and 22332.
12
What is the highest common divisor of 400 and 89025?
25
Calculate the highest common factor of 86449 and 116.
29
What is the highest common factor of 172 and 9159?
43
Calculate the highest common factor of 22 and 8614342.
22
Calculate the highest common factor of 16250 and 78.
26
Calculate the highest common factor of 840 and 72330.
30
Calculate the greatest common divisor of 36 and 66510.
18
Calculate the greatest common divisor of 826 and 9794.
118
What is the greatest common divisor of 1887 and 66657?
51
What is the highest common factor of 4058476 and 19?
19
What is the highest common divisor of 36 and 28692?
36
Calculate the highest common factor of 85248 and 3663.
333
What is the greatest common factor of 444 and 1086?
6
What is the greatest common factor of 2050 and 650?
50
What is the greatest common divisor of 1814099 and 21?
7
What is the greatest common factor of 107502 and 738?
246
What is the greatest common divisor of 1015003 and 583?
583
What is the greatest common factor of 1828 and 124?
4
What is the greatest common factor of 3485 and 229805?
205
Calculate the greatest common divisor of 160717 and 865.
173
Calculate the highest common factor of 61 and 12657378.
61
What is the greatest common factor of 8015 and 4351?
229
Calculate the highest common factor of 10 and 152990.
10
Calculate the greatest common factor of 8910 and 5280.
330
Calculate the greatest common factor of 93011 and 1405.
281
Calculate the greatest common divisor of 28 and 86513.
7
What is the highest common divisor of 1705 and 21855?
155
Calculate the greatest common divisor of 25077 and 195.
39
Calculate the highest common divisor of 1852133 and 17.
17
What is the highest common factor of 367160 and 2055?
685
Calculate the highest common divisor of 321 and 1894863.
321
Calculate the highest common factor of 57890 and 56.
14
Calculate the greatest common divisor of 8 and 58208.
8
What is the greatest common divisor of 8 and 2211264?
8
What is the highest common divisor of 8450232 and 179?
179
What is the highest common factor of 77211 and 138?
69
Calculate the highest common factor of 520 and 8255.
65
Calculate the highest common factor of 21373 and 2552.
319
What is the greatest common factor of 382480 and 28?
28
Calculate the greatest common divisor of 92 and 255323.
23
Calculate the greatest common divisor of 56 and 2120.
8
Calculate the highest common factor of 38 and 1052486.
38
Calculate the highest common divisor of 77196 and 84.
84
What is the greatest common factor of 95510 and 9?
1
What is the greatest common factor of 147 and 2991?
3
What is the greatest common divisor of 2697 and 36192?
87
Calculate the greatest common factor of 55 and 2735.
5
Calculate the greatest common divisor of 7725 and 2325.
75
Calculate the greatest common factor of 535 and 425.
5
Calculate the greatest common factor of 32 and 95248.
16
What is the highest common factor of 197516 and 44?
44
What is the greatest common factor of 24520 and 3980?
20
Calculate the greatest common divisor of 194590 and 290.
290
Calculate the highest common factor of 4664 and 467036.
212
What is the highest common factor of 24 and 157776?
24
What is the highest common divisor of 74120 and 240?
40
Calculate the greatest common factor of 143 and 34437.
13
What is the highest common factor of 305152 and 894?
298
What is the greatest common divisor of 366704 and 624?
208
Calculate the highest common divisor of 61811 and 113.
113
What is the highest common factor of 76534 and 408?
34
Calculate the greatest common factor of 198 and 6093.
9
Calculate the greatest common divisor of 4063 and 102.
17
What is the highest common factor of 2926 and 7942?
418
Calculate the highest common factor of 894 and 603301.
149
What is the greatest common divisor of 11875 and 1368?
19
Calculate the highest common factor of 50 and 466075.
25
What is the greatest common divisor of 1 and 59333?
1
What is the highest common factor of 797260 and 80?
20
Calculate the highest common factor of 1392 and 48.
48
Calculate the highest common factor of 135 and 7220.
5
What is the greatest common factor of 2174870 and 50?
10
Calculate the greatest common divisor of 3763 and 2059.
71
What is the greatest common factor of 12 and 117213?
3
Calculate the highest common factor of 483 and 105087.
69
Calculate the greatest common factor of 297 and 3916.
11
What is the highest common factor of 16160 and 260?
20
Calculate the highest common factor of 105 and 1285851.
21
What is the highest common factor of 378362 and 74?
74
Calculate the highest common factor of 293835 and 57.
57
What is the highest common factor of 85 and 5406?
17
Calculate the highest common factor of 200 and 80232.
8
Calculate the highest common factor of 600 and 160575.
75
Calculate the greatest common divisor of 8322 and 48.
6
Calculate the greatest common divisor of 100 and 20780.
20
What is the highest common divisor of 31 and 373?
1
Calculate the highest common divisor of 8897 and 3157.
287
What is the highest common factor of 18873 and 18?
9
Calculate the greatest common factor of 52400 and 1572.
524
What is the greatest common divisor of 273 and 50596?
91
Calculate the greatest common divisor of 312 and 21762.
78
What is the highest common divisor of 38360 and 9520?
280
What is the highest common factor of 880045 and 938?
67
Calculate the greatest common divisor